et r be 74 + (0 - -2) + (-8)/c. Suppose -s - 16 + 34 = 0. What is the greatest common factor of r and s?
18
Suppose 2*s + 4*y - 120 = 0, -2*y + y = -3*s + 215. Let x = 17651 + -17601. What is the greatest common factor of s and x?
10
Let i(d) = 2*d**2 + 7*d + 5. Let v be i(-3). Suppose -v*y + 1780 = -5*z, -24 + 4 = 5*z. Calculate the greatest common divisor of 80 and y.
80
Let u = 1771 + -1751. What is the highest common factor of u and 160?
20
Let w be -6*(-3 - (-123)/9). Let y = 306 + w. Let i = 1207 + -1185. What is the highest common divisor of y and i?
22
Suppose 10*p - 13571 = -375 + 2574. Calculate the greatest common factor of 19 and p.
19
Let s = -84 - -104. Suppose -4 = 2*r - 4*f - 10, 0 = 5*f - s. What is the greatest common divisor of 407 and r?
11
Let g(r) = 10*r - 220. Let p be (16/24)/(1/39). Let h be g(p). Let f(s) = -3*s + 1. Let j be f(-3). What is the highest common factor of h and j?
10
Let v be (200/(-12) + 0)/((-4)/54). Suppose 0 = 3*f + 45 - v. What is the highest common factor of f and 40?
20
Suppose 17*q + 102 + 136 = 0. Let h(b) = 2*b**2 + 31*b + 56. Let r be h(q). What is the greatest common factor of r and 175?
7
Suppose -128 = -3*n - n. Let h(g) = g**2 + 10*g - 8. Let z be h(-11). Suppose 0 = -y - z, 5*w - 3*y = 296 + 113. What is the highest common divisor of w and n?
16
Let l(a) = -4*a - 94. Let n be l(14). Let o = n - -179. What is the greatest common divisor of o and 377?
29
Let f(c) = c**3 + 26*c**2 + 37*c + 18. Let b be f(-19). What is the highest common divisor of b and 6?
6
Suppose 50 = 3*d + 35. Let p = -11 - -15. Suppose 2*q = p*q - d*m - 95, q + 3*m - 53 = 0. What is the highest common factor of 125 and q?
25
Suppose -162 - 124 = -13*j. Calculate the highest common factor of j and 1023.
11
Let x(p) = p**3 + 23*p**2 + 32*p - 192. Let o be x(-21). What is the highest common divisor of 246 and o?
6
Suppose j = 10, -5*j - 36 + 71 = -3*v. Let q(a) = a**2 + 2*a - 2. Let x be q(-3). Let k be 45/2*2*x. What is the greatest common factor of k and v?
5
Let p be -7 + 13 - (-3*2514 - 3). Calculate the highest common factor of p and 45.
9
Let b be (-3)/(-14) + 157830/420. What is the highest common factor of b and 8836?
188
Suppose -72 = -23*i + 779. Suppose -3*z = -251 - i. Calculate the greatest common factor of z and 12.
12
Let i = 331 + -335. Let b be 6*(-5)/60 + (-58)/i. Suppose 27 = s + 6. What is the greatest common factor of b and s?
7
Suppose -182*q - 8492 = -183*q + v, 5*v = -2*q + 17040. What is the greatest common divisor of q and 375?
125
Let i = 4867 - 4677. What is the highest common divisor of i and 285?
95
Let m = -229 - -344. Suppose 126 - 663 = -3*h. Suppose -4*k + h = 5*n, 2*k + 2*n - n - 91 = 0. What is the highest common factor of m and k?
23
Let k(a) = -a**3 - 8*a**2 + 4*a - 14. Let w be k(-7). Let y = w - -151. What is the highest common factor of 40 and y?
20
Let m = -69 + 180. Suppose 4*u + 4*v = 328, m = u + 3*v + 29. What is the highest common divisor of u and 164?
82
Suppose -x + 28683 = 4*u, 0 = -109*u + 111*u - 2*x - 14344. Calculate the highest common factor of u and 71.
71
Let q be 48 + (117/(-9) - -1). Calculate the highest common divisor of 594 and q.
18
Suppose -73*t + 78*t = 3460. Suppose -19*l - t = 600. Let x = l - -83. Calculate the greatest common factor of x and 3.
3
Let n be 154/1*(-3 + 10 - 462/84). Calculate the highest common divisor of n and 33.
33
Let d(k) = 16*k + 52. Let y be d(21). Suppose -y - 2332 = -17*p. What is the highest common factor of 10 and p?
10
Suppose 619 = 2*s + 5*m, -s - m + 4*m + 304 = 0. Let r = -299 + s. Calculate the highest common divisor of r and 376.
8
Let f = -313 + 326. Suppose 0 = 27*o - f*o - 308. Calculate the highest common factor of 77 and o.
11
Suppose -6*g - 573 = 519. Let t = -180 - g. What is the highest common divisor of 27 and t?
1
Let u(v) = -2*v**2 + v + 178. Let a be u(-18). Let g = a + 569. What is the greatest common factor of 405 and g?
81
Let r = 131935 - 131923. Let p be (6/4)/(6/8). Calculate the highest common factor of p and r.
2
Suppose -2*q - 523 = -5*g - q, -2*q + 529 = 5*g. Calculate the greatest common factor of g and 375.
15
Suppose 9*n + 3*o - 110 = 8*n, -2*n + 188 = -2*o. Let x be n/12 + (-5)/30. Calculate the greatest common factor of x and 8.
8
Let q = 11783 - 11384. What is the greatest common divisor of q and 228?
57
Let z(v) = 4*v**3 + 4*v**2 - v - 10. Let r be z(6). Suppose 24*t - 1000 = r. Calculate the highest common factor of t and 664.
83
Let f(q) = 7*q**2 - 5*q - 5. Let b be f(-1). Let s be (1*-32)/((6 - b) + 0). Calculate the highest common divisor of 20 and s.
4
Suppose 2400 = 35*v + 475. What is the greatest common factor of 270 and v?
5
Let j(l) = 26*l**2 + 1169*l - 44. Let v be j(-45). What is the greatest common divisor of v and 1012?
1
Let t(l) = 5*l**2 - 23*l + 58. Let o be t(19). What is the greatest common factor of 124 and o?
62
Suppose 0 = -100*m + 13175 + 2825. Calculate the greatest common divisor of 256 and m.
32
Suppose -34*x + 4627 = -27*x. Suppose -8*n + x = -2219. Calculate the highest common factor of n and 45.
45
Let n(u) = 4*u**2 - 10*u + 12. Let h be n(6). Let m = h - 91. Suppose -108 = -4*j - 4*t, 3*j - 7 = 2*j - m*t. What is the greatest common factor of 256 and j?
32
Let r be (3*(-14)/105)/((-5)/28175). Calculate the highest common factor of 46 and r.
46
Let h be (-77)/(-33) - 129/63 - (-1522)/14. Calculate the greatest common factor of h and 2725.
109
Suppose -155*i - 23*i - 67*i + 9555 = 0. What is the greatest common divisor of i and 299?
13
Let n be 266/6 + 2/(-6). Let y be ((-1)/(-2))/((26/(-2096))/(-13)). Suppose -4*p = n - y. What is the greatest common factor of 15 and p?
15
Let x be -4 + 9/27*75. Suppose 4*b + 3*o = 8*b - x, 3*b - 21 = -3*o. Calculate the highest common factor of b and 498.
6
Let d be (4/(-6))/((-5 - 1074/(-540)) + 3). Suppose -3 = 3*c - 18. Let r(a) = 7*a + 5. Let v be r(c). Calculate the highest common factor of d and v.
20
Suppose -5*s = 791 + 784. Let j be (s/84)/((-2)/8). Let k be 80/14 + (-16)/(-56). Calculate the greatest common divisor of j and k.
3
Let j(f) = -f**3 + 13*f**2 - 17*f - 9. Let w be j(8). Let y be (-200)/(-28)*(-91)/(-26). Calculate the highest common factor of y and w.
25
Let p = 90 - 13. Suppose 7*z - p = -21. Suppose 200 = 2*d + z*d. Calculate the greatest common divisor of 8 and d.
4
Let s(i) = -1. Let c(b) = -17*b - 7. Let o(k) = -c(k) + 5*s(k). Let q be o(3). Let t be q/2*(16 - 10). Calculate the highest common divisor of 53 and t.
53
Let c be 613/8 + 3 - (-24)/64. Suppose 0*j - 32 = -2*j. What is the greatest common factor of j and c?
16
Let b = -5 - -11. Suppose 0*h + b*h - h = 0. Suppose r - 18 = 4*t, -4*r + 3*t = -h*t - 98. What is the highest common divisor of r and 52?
26
Let o be -3 + (-337)/8 - (-1)/8. Suppose -3*r = -2*r + 10. Let a be o/18*72/r. Calculate the greatest common divisor of a and 45.
9
Let v be ((-100)/30)/(6/(-9)). Suppose 7*b - l = 6*b + 6, 15 = v*l. Suppose 6 = 3*o - m, 4 + 2 = -2*m. What is the highest common factor of o and b?
1
Suppose 138 = 7*a - a. Suppose 0 = 4*i, q - 21*i + 23*i = a. What is the highest common factor of q and 207?
23
Let o(k) = -40*k + 500. Let y be o(12). Calculate the greatest common factor of 2270 and y.
10
Suppose -77*h + 120 = -69*h. Suppose 920 = -h*d + 20*d. What is the highest common factor of d and 16?
8
Suppose 16*h - 1681 - 767 = 0. Let g = -39 + 56. Calculate the highest common factor of h and g.
17
Let y be 25/(1 + 65/(-10) + 6). Let t = 112 - y. Calculate the greatest common factor of t and 279.
31
Let r = -2877 + 3302. Calculate the highest common factor of r and 25.
25
Suppose 12*f - 60 = -0. Suppose -4*t + 5*j = -140, 0*j - 2*j + 142 = f*t. Calculate the greatest common factor of 20 and t.
10
Let g = -1822 + 12058. Calculate the highest common divisor of g and 12.
12
Let d = -9395 + 43794. What is the highest common factor of d and 41?
41
Let o = -10059 + 10357. What is the greatest common divisor of o and 4?
2
Let n be ((512/2)/(-1))/(706/(-1059)). Calculate the highest common factor of n and 240.
48
Suppose -2*w - 2*t + 414 = -w, 4*w - 4*t = 1608. What is the highest common factor of w and 224?
14
Suppose 59 = 5*b - 2*g + 6*g, -4*b + 49 = 5*g. Suppose 